{"id":10,"date":"2022-04-28T12:06:26","date_gmt":"2022-04-28T10:06:26","guid":{"rendered":"https:\/\/www.carmel.sk\/biblicketabory\/?page_id=10"},"modified":"2026-04-15T01:26:51","modified_gmt":"2026-04-14T23:26:51","slug":"xxx","status":"publish","type":"page","link":"https:\/\/www.carmel.sk\/biblicketabory\/index.php\/xxx\/","title":{"rendered":"T\u00e1bory 2026"},"content":{"rendered":"\n<p class=\"has-text-align-center has-x-large-font-size\"><strong>Po\u010duj ma<\/strong><\/p>\n\n\n\n<p class=\"has-text-align-center\"><\/p>\n\n\n\n<figure class=\"wp-block-table\"><table><thead><tr><th class=\"has-text-align-center\" data-align=\"center\">TURNUS<\/th><th class=\"has-text-align-center\" data-align=\"center\">TERM\u00cdN<\/th><th class=\"has-text-align-center\" data-align=\"center\">CENA<\/th><\/tr><\/thead><tbody><tr><td class=\"has-text-align-center\" data-align=\"center\"><strong>Biblick\u00fd t\u00e1bor 12+ <\/strong><\/td><td class=\"has-text-align-center\" data-align=\"center\">26. 07. &#8211; 01. 08. 2026<\/td><td class=\"has-text-align-center\" data-align=\"center\"><a href=\"https:\/\/www.carmel.sk\/biblicketabory\/index.php\/registracia\/\">https:\/\/www.carmel.sk\/biblicketabory\/index.php\/registracia\/<\/a><\/td><\/tr><tr><td class=\"has-text-align-center\" data-align=\"center\"><strong>Detsk\u00fd turnus<\/strong><\/td><td class=\"has-text-align-center\" data-align=\"center\">02. 08. &#8211; 07. 08. 2026<\/td><td class=\"has-text-align-center\" data-align=\"center\"><a href=\"https:\/\/www.carmel.sk\/biblicketabory\/index.php\/registracia\/\">https:\/\/www.carmel.sk\/biblicketabory\/index.php\/registracia\/<\/a><\/td><\/tr><\/tbody><\/table><\/figure>\n\n\n\n<p class=\"has-black-color has-text-color has-small-font-size\">*pon\u00fakame r\u00f4zne z\u013eavy (s\u00farodeneck\u00e1 5 \u20ac\/ vlastn\u00fd spac\u00e1k 5 \u20ac, viac inform\u00e1ci\u00ed v registra\u010dnom formul\u00e1ri)<\/p>\n\n\n\n<p><strong>V cene t\u00e1bora<\/strong> je zahrnut\u00e9 ubytovanie, kompletn\u00e1 strava (5x denne), pom\u00f4cky.<\/p>\n\n\n\n<div class=\"wp-block-buttons is-content-justification-center is-layout-flex wp-container-core-buttons-is-layout-16018d1d wp-block-buttons-is-layout-flex\"><\/div>\n\n\n\n<hr class=\"wp-block-separator has-css-opacity\"\/>\n\n\n\n<p class=\"has-text-align-left has-black-color has-text-color has-medium-font-size\"><strong>Program t\u00e1borov pre 12+<\/strong><\/p>\n\n\n\n<p><strong>Orienta\u010dn\u00fd program t\u00e1bora je nasledovn\u00fd:<\/strong><br>7.30 bud\u00ed\u010dek<br>7.45 rozcvi\u010dka, hygiena<br>8.00 st\u00ed\u0161enie<br>8.30 ra\u0148ajky<br>9.30 hry vonku, v lese (pri zlom po\u010das\u00ed v chate)<br>12.30 obed<br>13.00 poobed\u0148aj\u0161ia siesta, vo\u013en\u00fd program s dozorom (\u0161porty, dielne)<br>14.45 olovrant<br>15.00 workshopy<br>18.00 ve\u010dera<br>19.00 ve\u010dern\u00fd program, lekcia<br>20.30 debatn\u00e9 skupinky<br>21.30 hygiena<br>22.00 ve\u010dierka<\/p>\n\n\n\n<hr class=\"wp-block-separator has-css-opacity\"\/>\n\n\n\n<p class=\"has-black-color has-text-color has-medium-font-size\"><strong>Program t\u00e1borov pre deti 7 &#8211; 11 rokov<\/strong><\/p>\n\n\n\n<p><strong>Orienta\u010dn\u00fd program t\u00e1bora je nasledovn\u00fd:<\/strong><br>7.30 bud\u00ed\u010dek<br>7.45 rozcvi\u010dka, hygiena<br>8.00 st\u00ed\u0161enie<br>8.30 ra\u0148ajky<br>9.30 lekcia &#8211; hlavn\u00e1 t\u00e9ma d\u0148a<br>10.30 desiata<br>10.30 hry vonku, v lese (pri zlom po\u010das\u00ed v chate)<br>12.30 obed<br>13.00 poobed\u0148aj\u0161ia siesta, vo\u013en\u00fd program s dozorom (\u0161porty, dielne)<br>14.45 olovrant<br>15.00 hry vonku, v lese (pri zlom po\u010das\u00ed v chate)<br>17.30 ve\u010dera<br>19.00 ve\u010dern\u00fd program (vonku, pri ohni)<br>20.00 hygiena<br>20.30 ve\u010dern\u00e9 st\u00ed\u0161enie<br>21.00 ve\u010dierka<\/p>\n\n\n\n<div class=\"wp-block-buttons is-content-justification-center is-layout-flex wp-container-core-buttons-is-layout-64b26803 wp-block-buttons-is-layout-flex\">\n<div class=\"wp-block-button has-custom-width wp-block-button__width-100\"><a class=\"wp-block-button__link has-white-color has-vivid-cyan-blue-background-color has-text-color has-background has-medium-font-size has-custom-font-size wp-element-button\" href=\"https:\/\/drive.google.com\/file\/d\/1IoRZ1ewzFtSHQbsJEatV0ftJ4yyOe6zY\/view?usp=sharing\"><strong>VIAC O T\u00c1BOROCH V INFORMA\u010cNOM LISTE<\/strong><\/a><\/div>\n<\/div>\n\n\n\n<hr class=\"wp-block-separator has-css-opacity\"\/>\n\n\n<div class=\"wp-block-image\">\n<figure class=\"aligncenter size-large\"><img loading=\"lazy\" decoding=\"async\" width=\"1024\" height=\"576\" src=\"https:\/\/www.carmel.sk\/biblicketabory\/wp-content\/uploads\/2022\/05\/tabory-borda-leto-1024x576.jpg\" alt=\"\" class=\"wp-image-175\" srcset=\"https:\/\/www.carmel.sk\/biblicketabory\/wp-content\/uploads\/2022\/05\/tabory-borda-leto-1024x576.jpg 1024w, https:\/\/www.carmel.sk\/biblicketabory\/wp-content\/uploads\/2022\/05\/tabory-borda-leto-300x169.jpg 300w, https:\/\/www.carmel.sk\/biblicketabory\/wp-content\/uploads\/2022\/05\/tabory-borda-leto-768x432.jpg 768w, https:\/\/www.carmel.sk\/biblicketabory\/wp-content\/uploads\/2022\/05\/tabory-borda-leto-1536x864.jpg 1536w, https:\/\/www.carmel.sk\/biblicketabory\/wp-content\/uploads\/2022\/05\/tabory-borda-leto.jpg 2048w\" sizes=\"auto, (max-width: 1024px) 100vw, 1024px\" \/><\/figure>\n<\/div>","protected":false},"excerpt":{"rendered":"<p>Po\u010duj ma TURNUS TERM\u00cdN CENA Biblick\u00fd t\u00e1bor 12+ 26. 07. &#8211; 01. 08. 2026 https:\/\/www.carmel.sk\/biblicketabory\/index.php\/registracia\/ Detsk\u00fd turnus 02. 08. &#8211; 07. 08. 2026 https:\/\/www.carmel.sk\/biblicketabory\/index.php\/registracia\/ *pon\u00fakame r\u00f4zne z\u013eavy (s\u00farodeneck\u00e1 5 \u20ac\/ vlastn\u00fd spac\u00e1k 5 \u20ac, viac inform\u00e1ci\u00ed v registra\u010dnom formul\u00e1ri) V cene t\u00e1bora je zahrnut\u00e9 ubytovanie, kompletn\u00e1 strava (5x denne), pom\u00f4cky. Program t\u00e1borov pre 12+ Orienta\u010dn\u00fd [&hellip;]<\/p>\n","protected":false},"author":1,"featured_media":0,"parent":0,"menu_order":0,"comment_status":"closed","ping_status":"closed","template":"","meta":{"_monsterinsights_skip_tracking":false,"_monsterinsights_sitenote_active":false,"_monsterinsights_sitenote_note":"","_monsterinsights_sitenote_category":0,"footnotes":""},"class_list":["post-10","page","type-page","status-publish","hentry"],"yoast_head":"<!-- This site is optimized with the Yoast SEO plugin v27.3 - https:\/\/yoast.com\/product\/yoast-seo-wordpress\/ -->\n<title>T\u00e1bory 2026 - Biblick\u00e9 t\u00e1bory na Borde<\/title>\n<meta name=\"robots\" content=\"index, follow, max-snippet:-1, max-image-preview:large, max-video-preview:-1\" \/>\n<link rel=\"canonical\" href=\"https:\/\/www.carmel.sk\/biblicketabory\/index.php\/xxx\/\" \/>\n<meta property=\"og:locale\" content=\"sk_SK\" \/>\n<meta property=\"og:type\" content=\"article\" \/>\n<meta property=\"og:title\" content=\"T\u00e1bory 2026 - Biblick\u00e9 t\u00e1bory na Borde\" \/>\n<meta property=\"og:description\" content=\"Po\u010duj ma TURNUS TERM\u00cdN CENA Biblick\u00fd t\u00e1bor 12+ 26. 07. &#8211; 01. 08. 2026 https:\/\/www.carmel.sk\/biblicketabory\/index.php\/registracia\/ Detsk\u00fd turnus 02. 08. &#8211; 07. 08. 2026 https:\/\/www.carmel.sk\/biblicketabory\/index.php\/registracia\/ *pon\u00fakame r\u00f4zne z\u013eavy (s\u00farodeneck\u00e1 5 \u20ac\/ vlastn\u00fd spac\u00e1k 5 \u20ac, viac inform\u00e1ci\u00ed v registra\u010dnom formul\u00e1ri) V cene t\u00e1bora je zahrnut\u00e9 ubytovanie, kompletn\u00e1 strava (5x denne), pom\u00f4cky. Program t\u00e1borov pre 12+ Orienta\u010dn\u00fd [&hellip;]\" \/>\n<meta property=\"og:url\" content=\"https:\/\/www.carmel.sk\/biblicketabory\/index.php\/xxx\/\" \/>\n<meta property=\"og:site_name\" content=\"Biblick\u00e9 t\u00e1bory na Borde\" \/>\n<meta property=\"article:modified_time\" content=\"2026-04-14T23:26:51+00:00\" \/>\n<meta property=\"og:image\" content=\"https:\/\/www.carmel.sk\/biblicketabory\/wp-content\/uploads\/2022\/05\/tabory-borda-leto.jpg\" \/>\n\t<meta property=\"og:image:width\" content=\"2048\" \/>\n\t<meta property=\"og:image:height\" content=\"1152\" \/>\n\t<meta property=\"og:image:type\" content=\"image\/jpeg\" \/>\n<meta name=\"twitter:card\" content=\"summary_large_image\" \/>\n<meta name=\"twitter:label1\" content=\"Predpokladan\u00fd \u010das \u010d\u00edtania\" \/>\n\t<meta name=\"twitter:data1\" content=\"2 min\u00faty\" \/>\n<script type=\"application\/ld+json\" class=\"yoast-schema-graph\">{\"@context\":\"https:\\\/\\\/schema.org\",\"@graph\":[{\"@type\":\"WebPage\",\"@id\":\"https:\\\/\\\/www.carmel.sk\\\/biblicketabory\\\/index.php\\\/xxx\\\/\",\"url\":\"https:\\\/\\\/www.carmel.sk\\\/biblicketabory\\\/index.php\\\/xxx\\\/\",\"name\":\"T\u00e1bory 2026 - Biblick\u00e9 t\u00e1bory na Borde\",\"isPartOf\":{\"@id\":\"https:\\\/\\\/www.carmel.sk\\\/biblicketabory\\\/#website\"},\"primaryImageOfPage\":{\"@id\":\"https:\\\/\\\/www.carmel.sk\\\/biblicketabory\\\/index.php\\\/xxx\\\/#primaryimage\"},\"image\":{\"@id\":\"https:\\\/\\\/www.carmel.sk\\\/biblicketabory\\\/index.php\\\/xxx\\\/#primaryimage\"},\"thumbnailUrl\":\"https:\\\/\\\/www.carmel.sk\\\/biblicketabory\\\/wp-content\\\/uploads\\\/2022\\\/05\\\/tabory-borda-leto-1024x576.jpg\",\"datePublished\":\"2022-04-28T10:06:26+00:00\",\"dateModified\":\"2026-04-14T23:26:51+00:00\",\"breadcrumb\":{\"@id\":\"https:\\\/\\\/www.carmel.sk\\\/biblicketabory\\\/index.php\\\/xxx\\\/#breadcrumb\"},\"inLanguage\":\"sk-SK\",\"potentialAction\":[{\"@type\":\"ReadAction\",\"target\":[\"https:\\\/\\\/www.carmel.sk\\\/biblicketabory\\\/index.php\\\/xxx\\\/\"]}]},{\"@type\":\"ImageObject\",\"inLanguage\":\"sk-SK\",\"@id\":\"https:\\\/\\\/www.carmel.sk\\\/biblicketabory\\\/index.php\\\/xxx\\\/#primaryimage\",\"url\":\"https:\\\/\\\/www.carmel.sk\\\/biblicketabory\\\/wp-content\\\/uploads\\\/2022\\\/05\\\/tabory-borda-leto.jpg\",\"contentUrl\":\"https:\\\/\\\/www.carmel.sk\\\/biblicketabory\\\/wp-content\\\/uploads\\\/2022\\\/05\\\/tabory-borda-leto.jpg\",\"width\":2048,\"height\":1152},{\"@type\":\"BreadcrumbList\",\"@id\":\"https:\\\/\\\/www.carmel.sk\\\/biblicketabory\\\/index.php\\\/xxx\\\/#breadcrumb\",\"itemListElement\":[{\"@type\":\"ListItem\",\"position\":1,\"name\":\"Home\",\"item\":\"https:\\\/\\\/www.carmel.sk\\\/biblicketabory\\\/\"},{\"@type\":\"ListItem\",\"position\":2,\"name\":\"T\u00e1bory 2026\"}]},{\"@type\":\"WebSite\",\"@id\":\"https:\\\/\\\/www.carmel.sk\\\/biblicketabory\\\/#website\",\"url\":\"https:\\\/\\\/www.carmel.sk\\\/biblicketabory\\\/\",\"name\":\"Biblick\u00e9 t\u00e1bory na Borde\",\"description\":\"\",\"potentialAction\":[{\"@type\":\"SearchAction\",\"target\":{\"@type\":\"EntryPoint\",\"urlTemplate\":\"https:\\\/\\\/www.carmel.sk\\\/biblicketabory\\\/?s={search_term_string}\"},\"query-input\":{\"@type\":\"PropertyValueSpecification\",\"valueRequired\":true,\"valueName\":\"search_term_string\"}}],\"inLanguage\":\"sk-SK\"}]}<\/script>\n<!-- \/ Yoast SEO plugin. -->","yoast_head_json":{"title":"T\u00e1bory 2026 - Biblick\u00e9 t\u00e1bory na Borde","robots":{"index":"index","follow":"follow","max-snippet":"max-snippet:-1","max-image-preview":"max-image-preview:large","max-video-preview":"max-video-preview:-1"},"canonical":"https:\/\/www.carmel.sk\/biblicketabory\/index.php\/xxx\/","og_locale":"sk_SK","og_type":"article","og_title":"T\u00e1bory 2026 - Biblick\u00e9 t\u00e1bory na Borde","og_description":"Po\u010duj ma TURNUS TERM\u00cdN CENA Biblick\u00fd t\u00e1bor 12+ 26. 07. &#8211; 01. 08. 2026 https:\/\/www.carmel.sk\/biblicketabory\/index.php\/registracia\/ Detsk\u00fd turnus 02. 08. &#8211; 07. 08. 2026 https:\/\/www.carmel.sk\/biblicketabory\/index.php\/registracia\/ *pon\u00fakame r\u00f4zne z\u013eavy (s\u00farodeneck\u00e1 5 \u20ac\/ vlastn\u00fd spac\u00e1k 5 \u20ac, viac inform\u00e1ci\u00ed v registra\u010dnom formul\u00e1ri) V cene t\u00e1bora je zahrnut\u00e9 ubytovanie, kompletn\u00e1 strava (5x denne), pom\u00f4cky. Program t\u00e1borov pre 12+ Orienta\u010dn\u00fd [&hellip;]","og_url":"https:\/\/www.carmel.sk\/biblicketabory\/index.php\/xxx\/","og_site_name":"Biblick\u00e9 t\u00e1bory na Borde","article_modified_time":"2026-04-14T23:26:51+00:00","og_image":[{"width":2048,"height":1152,"url":"https:\/\/www.carmel.sk\/biblicketabory\/wp-content\/uploads\/2022\/05\/tabory-borda-leto.jpg","type":"image\/jpeg"}],"twitter_card":"summary_large_image","twitter_misc":{"Predpokladan\u00fd \u010das \u010d\u00edtania":"2 min\u00faty"},"schema":{"@context":"https:\/\/schema.org","@graph":[{"@type":"WebPage","@id":"https:\/\/www.carmel.sk\/biblicketabory\/index.php\/xxx\/","url":"https:\/\/www.carmel.sk\/biblicketabory\/index.php\/xxx\/","name":"T\u00e1bory 2026 - Biblick\u00e9 t\u00e1bory na Borde","isPartOf":{"@id":"https:\/\/www.carmel.sk\/biblicketabory\/#website"},"primaryImageOfPage":{"@id":"https:\/\/www.carmel.sk\/biblicketabory\/index.php\/xxx\/#primaryimage"},"image":{"@id":"https:\/\/www.carmel.sk\/biblicketabory\/index.php\/xxx\/#primaryimage"},"thumbnailUrl":"https:\/\/www.carmel.sk\/biblicketabory\/wp-content\/uploads\/2022\/05\/tabory-borda-leto-1024x576.jpg","datePublished":"2022-04-28T10:06:26+00:00","dateModified":"2026-04-14T23:26:51+00:00","breadcrumb":{"@id":"https:\/\/www.carmel.sk\/biblicketabory\/index.php\/xxx\/#breadcrumb"},"inLanguage":"sk-SK","potentialAction":[{"@type":"ReadAction","target":["https:\/\/www.carmel.sk\/biblicketabory\/index.php\/xxx\/"]}]},{"@type":"ImageObject","inLanguage":"sk-SK","@id":"https:\/\/www.carmel.sk\/biblicketabory\/index.php\/xxx\/#primaryimage","url":"https:\/\/www.carmel.sk\/biblicketabory\/wp-content\/uploads\/2022\/05\/tabory-borda-leto.jpg","contentUrl":"https:\/\/www.carmel.sk\/biblicketabory\/wp-content\/uploads\/2022\/05\/tabory-borda-leto.jpg","width":2048,"height":1152},{"@type":"BreadcrumbList","@id":"https:\/\/www.carmel.sk\/biblicketabory\/index.php\/xxx\/#breadcrumb","itemListElement":[{"@type":"ListItem","position":1,"name":"Home","item":"https:\/\/www.carmel.sk\/biblicketabory\/"},{"@type":"ListItem","position":2,"name":"T\u00e1bory 2026"}]},{"@type":"WebSite","@id":"https:\/\/www.carmel.sk\/biblicketabory\/#website","url":"https:\/\/www.carmel.sk\/biblicketabory\/","name":"Biblick\u00e9 t\u00e1bory na Borde","description":"","potentialAction":[{"@type":"SearchAction","target":{"@type":"EntryPoint","urlTemplate":"https:\/\/www.carmel.sk\/biblicketabory\/?s={search_term_string}"},"query-input":{"@type":"PropertyValueSpecification","valueRequired":true,"valueName":"search_term_string"}}],"inLanguage":"sk-SK"}]}},"_links":{"self":[{"href":"https:\/\/www.carmel.sk\/biblicketabory\/index.php\/wp-json\/wp\/v2\/pages\/10","targetHints":{"allow":["GET"]}}],"collection":[{"href":"https:\/\/www.carmel.sk\/biblicketabory\/index.php\/wp-json\/wp\/v2\/pages"}],"about":[{"href":"https:\/\/www.carmel.sk\/biblicketabory\/index.php\/wp-json\/wp\/v2\/types\/page"}],"author":[{"embeddable":true,"href":"https:\/\/www.carmel.sk\/biblicketabory\/index.php\/wp-json\/wp\/v2\/users\/1"}],"replies":[{"embeddable":true,"href":"https:\/\/www.carmel.sk\/biblicketabory\/index.php\/wp-json\/wp\/v2\/comments?post=10"}],"version-history":[{"count":6,"href":"https:\/\/www.carmel.sk\/biblicketabory\/index.php\/wp-json\/wp\/v2\/pages\/10\/revisions"}],"predecessor-version":[{"id":480,"href":"https:\/\/www.carmel.sk\/biblicketabory\/index.php\/wp-json\/wp\/v2\/pages\/10\/revisions\/480"}],"wp:attachment":[{"href":"https:\/\/www.carmel.sk\/biblicketabory\/index.php\/wp-json\/wp\/v2\/media?parent=10"}],"curies":[{"name":"wp","href":"https:\/\/api.w.org\/{rel}","templated":true}]}}